{"id":13863,"date":"2021-09-21T13:33:48","date_gmt":"2021-09-21T12:33:48","guid":{"rendered":"https:\/\/freetibetanheroes.org\/?page_id=13863"},"modified":"2021-12-15T14:44:09","modified_gmt":"2021-12-15T14:44:09","slug":"escribe-a-los-heroes-tibetanos","status":"publish","type":"page","link":"https:\/\/freetibetanheroes.org\/freedom101\/es\/escribe-a-los-heroes-tibetanos\/","title":{"rendered":"Escribe a los H\u00e9roes Tibetanos"},"content":{"rendered":"<div class=\"wpb-content-wrapper\">[vc_row css=&#8221;.vc_custom_1480506221401{margin-top: 30px !important;margin-bottom: 30px !important;}&#8221;][vc_column width=&#8221;1\/2&#8243;][vc_column_text css_animation=&#8221;left-to-right&#8221;]\n<h2>\u00bfQu\u00e9 es Escribe a los H\u00e9roes Tibetanos?<\/h2>\n<p>Escribe a los H\u00e9roes Tibetanos es una acci\u00f3n global para enviar mensajes a tibetanos encarcelados para darles mensajes de solidaridad y apoyo, as\u00ed como mostrarles que no se les olvida.<\/p>\n<p>Se sabe que escribir cartas a presos pol\u00edticos en muchos casos ayuda a elevar la moral y hace una importante diferencia psicol\u00f3gica a las personas mientras est\u00e1n en prisi\u00f3n. Con todo y nuestras acciones de correo electr\u00f3nico una carta escrita a mano sigue siendo una de las herramientas m\u00e1s poderosas que tenemos como activistas: las cartas pueden incrementar la presi\u00f3n sobre las autoridades, mostrando que hay un nivel de apoyo internacional para los individuos que est\u00e1n presos. [\/vc_column_text][\/vc_column][vc_column width=&#8221;1\/2&#8243;][vc_single_image image=&#8221;14088&#8243; img_size=&#8221;large&#8221; css_animation=&#8221;right-to-left&#8221;][vc_button title=&#8221;Escribe a Lhundrup Drakpa&#8221; shape=&#8221;rounded&#8221; color=&#8221;custom&#8221; custom_color=&#8221;#cc3300&#8243; custom_border_color=&#8221;#cc3300&#8243; custom_color_hover=&#8221;#333366&#8243; custom_border_color_hover=&#8221;#333366&#8243; icon_fontawesome=&#8221;&#8221; css_animation=&#8221;right-to-left&#8221; full_width=&#8221;true&#8221; add_icon=&#8221;true&#8221; href=&#8221;https:\/\/freetibetanheroes.org\/es\/escribe-a-los-heroes-tibetanos\/escribe-a-lhundrup-drakpa\/&#8221; delay=&#8221;500&#8243; el_class=&#8221;marginalbutt&#8221;][vc_button title=&#8221;Escribe a A-Nya Sengdra&#8221; shape=&#8221;rounded&#8221; color=&#8221;custom&#8221; custom_color=&#8221;#cc3300&#8243; custom_border_color=&#8221;#cc3300&#8243; custom_color_hover=&#8221;#333366&#8243; custom_border_color_hover=&#8221;#333366&#8243; icon_fontawesome=&#8221;&#8221; css_animation=&#8221;right-to-left&#8221; full_width=&#8221;true&#8221; add_icon=&#8221;true&#8221; href=&#8221;https:\/\/freetibetanheroes.org\/es\/escribe-a-los-heroes-tibetanos\/escribe-a-a-nya-sengdra\/&#8221; delay=&#8221;500&#8243; el_class=&#8221;marginalbutt&#8221;][vc_button title=&#8221;Escribe a Lhamo Kyab&#8221; shape=&#8221;rounded&#8221; color=&#8221;custom&#8221; custom_color=&#8221;#cc3300&#8243; custom_border_color=&#8221;#cc3300&#8243; custom_color_hover=&#8221;#333366&#8243; custom_border_color_hover=&#8221;#333366&#8243; icon_fontawesome=&#8221;&#8221; css_animation=&#8221;right-to-left&#8221; full_width=&#8221;true&#8221; add_icon=&#8221;true&#8221; href=&#8221;https:\/\/freetibetanheroes.org\/es\/escribe-a-los-heroes-tibetanos\/escribe-a-lhamo-kyab\/&#8221; delay=&#8221;500&#8243; el_class=&#8221;marginalbutt&#8221;][vc_button title=&#8221;Escribe a Yeshe Choedron&#8221; shape=&#8221;rounded&#8221; color=&#8221;custom&#8221; custom_color=&#8221;#cc3300&#8243; custom_border_color=&#8221;#cc3300&#8243; custom_color_hover=&#8221;#333366&#8243; custom_border_color_hover=&#8221;#333366&#8243; icon_fontawesome=&#8221;&#8221; css_animation=&#8221;right-to-left&#8221; full_width=&#8221;true&#8221; add_icon=&#8221;true&#8221; href=&#8221;https:\/\/freetibetanheroes.org\/es\/escribe-a-los-heroes-tibetanos\/escribe-a-yeshe-choedron\/&#8221; delay=&#8221;500&#8243; el_class=&#8221;marginalbutt&#8221;][\/vc_column][\/vc_row][vc_row][vc_column width=&#8221;1\/2&#8243;][vc_column_text css_animation=&#8221;bottom-to-top&#8221;]\n<h3>3 Razones para Unirse a Nosotros<\/h3>\n<h4>1) Es Exitoso<\/h4>\n<p>Tus palabras realmente pueden marcar la diferencia. Las organizaciones de derechos humanos que llevan a cabo acciones de escribir cartas han recibido comentarios de presos pol\u00edticos liberados de que las cartas de sus simpatizantes ayudaron a cambiar sus vidas.<\/p>\n<h4>2) Es Simple<\/h4>\n<p>Tan s\u00f3lo necesitas escribir una breve carta o mensaje a uno o m\u00e1s de los H\u00e9roes Tibetanos mencionados.<\/p>\n<p>Hemos proporcionado informaci\u00f3n f\u00e1cil de usar con todo lo que necesitan para escribir su(s) carta (s), la cual puedes encontrar <a href=\"https:\/\/drive.google.com\/file\/d\/1C7LZ9YTU9czALRiPna9rIWtQ_gdgXqpN\/view\">AQU\u00cd<\/a>.<\/p>\n<p>Todo lo que necesitas hacer es escribir un mensaje personal y simplemente enviar tus cartas a la direcci\u00f3n incluida en la p\u00e1gina de H\u00e9roes Tibetanos. Al terminar les pedimos que <a href=\"http:\/\/bit.ly\/WriteTibetResponse\">nos hagan saber a qui\u00e9n le escribieron, puede ser s\u00f3lo uno o a varios h\u00e9roes.<\/a><\/p>\n<h4>3) Da Esperanza<\/h4>\n<p>Al enviar una carta o varias cartas, te unir\u00e1s a activistas de los derechos humanos en todo el mundo que est\u00e1n escribiendo a los presos pol\u00edticos para traer esperanza y generar cambios.<\/p>\n<p>Adem\u00e1s de escribir sus propias cartas, ustedes podr\u00edan organizar un evento Escribe por los Derechos de los H\u00e9roes Tibetanos e invitar a sus amigos, familiares, colegas de trabajo y miembros de la comunidad, para dar esperanza y solidaridad a los H\u00e9roes Tibetanos en T\u00edbet. \u00a1\u00danete a nosotros![\/vc_column_text][\/vc_column][vc_column width=&#8221;1\/2&#8243;][vc_column_text css_animation=&#8221;bottom-to-top&#8221;]\n<h3>Preguntas frecuentes<\/h3>\n<p><em><strong>\u00bfQu\u00e9 debo poner en mi carta?<\/strong><\/em><\/p>\n<p>\u200bPuedes escribir algo muy corto y b\u00e1sico, y simplemente redacta algo personal. Hemos proporcionado mensajes cortos de muestra para darles una idea, pero si\u00e9ntanse libres de ser m\u00e1s creativo. Recuerda que esta es una carta de solidaridad, con el objetivo de ayudar a los H\u00e9roes Tibetanos a sentirse mejor y apoyados. D\u00edles desde d\u00f3nde est\u00e1s escribiendo para que sepan hasta d\u00f3nde ha llegado su historia.<\/p>\n<p><em><strong>\u00bfHay algo que deber\u00eda evitar decir?<\/strong><\/em><\/p>\n<p>Evita hablar de pol\u00edtica, y definitivamente no escribas sobre la libertad o independencia tibetana. Es muy probable que tu carta sea le\u00edda por las autoridades antes de que llegue al prisionero\/a, as\u00ed que utiliza tu sentido com\u00fan y no redactes nada que pueda ponerlo\/la en riesgo.<\/p>\n<p><em><strong>\u00bfEn qu\u00e9 idioma debo escribir?<\/strong><\/em><\/p>\n<p>Idealmente en ingl\u00e9s, o si eso no es posible por favor escribe en tu propio idioma. Si los H\u00e9roes Tibetanos no hablan el idioma en el que est\u00e1s escribiendo, mant\u00e9n frases cortas y sencillas y un mensaje relativamente breve en su totalidad para que la carta pueda ser traducida f\u00e1cilmente.[\/vc_column_text][\/vc_column][\/vc_row][vc_row][vc_column][vc_column_text css_animation=&#8221;bottom-to-top&#8221; css=&#8221;.vc_custom_1632227361078{margin-top: 30px !important;margin-bottom: 10px !important;}&#8221;]\n<h3>Da click para escribir a:<\/h3>\n[\/vc_column_text][vc_btn title=&#8221;Lhundrup Drakpa&#8221; color=&#8221;danger&#8221; i_icon_fontawesome=&#8221;far fa-edit&#8221; css_animation=&#8221;right-to-left&#8221; add_icon=&#8221;true&#8221; link=&#8221;url:https%3A%2F%2Ffreetibetanheroes.org%2Fes%2Fescribe-a-los-heroes-tibetanos%2Fescribe-a-lhundrup-drakpa%2F|title:Lhundrup%20Drakpa&#8221; css=&#8221;.vc_custom_1639579447139{padding-right: 6px !important;}&#8221;][vc_btn title=&#8221;A-Nya Sengdra&#8221; color=&#8221;danger&#8221; i_icon_fontawesome=&#8221;far fa-edit&#8221; css_animation=&#8221;right-to-left&#8221; add_icon=&#8221;true&#8221; link=&#8221;url:https%3A%2F%2Ffreetibetanheroes.org%2Fes%2Fescribe-a-los-heroes-tibetanos%2Fescribe-a-a-nya-sengdra%2F|title:A-Nya%20Sengdra&#8221; css=&#8221;.vc_custom_1639579401170{padding-right: 6px !important;}&#8221;][vc_btn title=&#8221;Lhamo Kyab&#8221; color=&#8221;danger&#8221; i_icon_fontawesome=&#8221;far fa-edit&#8221; css_animation=&#8221;right-to-left&#8221; add_icon=&#8221;true&#8221; link=&#8221;url:https%3A%2F%2Ffreetibetanheroes.org%2Fes%2Fescribe-a-los-heroes-tibetanos%2Fescribe-a-lhamo-kyab%2F|title:Lhamo%20Kyab&#8221; css=&#8221;.vc_custom_1634117411325{padding-right: 6px !important;}&#8221;][vc_btn title=&#8221;Yeshe Choedron&#8221; color=&#8221;danger&#8221; i_icon_fontawesome=&#8221;far fa-edit&#8221; css_animation=&#8221;right-to-left&#8221; add_icon=&#8221;true&#8221; link=&#8221;url:https%3A%2F%2Ffreetibetanheroes.org%2Fes%2Fescribe-a-los-heroes-tibetanos%2Fescribe-a-yeshe-choedron%2F|title:Yeshe%20Choedron&#8221; css=&#8221;.vc_custom_1634117800466{padding-right: 6px !important;}&#8221;][\/vc_column][\/vc_row]\n<\/div>","protected":false},"excerpt":{"rendered":"<p>[vc_row css=&#8221;.vc_custom_1480506221401{margin-top: 30px !important;margin-bottom: 30px !important;}&#8221;][vc_column width=&#8221;1\/2&#8243;][vc_column_text css_animation=&#8221;left-to-right&#8221;] \u00bfQu\u00e9 es Escribe a los H\u00e9roes Tibetanos? Escribe a los H\u00e9roes Tibetanos es una acci\u00f3n global para enviar mensajes a tibetanos encarcelados para darles mensajes de solidaridad y apoyo, as\u00ed como mostrarles que no se les olvida. Se sabe que escribir cartas a presos pol\u00edticos en muchos&#8230;<\/p>\n","protected":false},"author":1,"featured_media":0,"parent":0,"menu_order":25,"comment_status":"closed","ping_status":"closed","template":"page-full.php","meta":{"footnotes":""},"class_list":["post-13863","page","type-page","status-publish","hentry"],"aioseo_notices":[],"_links":{"self":[{"href":"https:\/\/freetibetanheroes.org\/freedom101\/wp-json\/wp\/v2\/pages\/13863","targetHints":{"allow":["GET"]}}],"collection":[{"href":"https:\/\/freetibetanheroes.org\/freedom101\/wp-json\/wp\/v2\/pages"}],"about":[{"href":"https:\/\/freetibetanheroes.org\/freedom101\/wp-json\/wp\/v2\/types\/page"}],"author":[{"embeddable":true,"href":"https:\/\/freetibetanheroes.org\/freedom101\/wp-json\/wp\/v2\/users\/1"}],"replies":[{"embeddable":true,"href":"https:\/\/freetibetanheroes.org\/freedom101\/wp-json\/wp\/v2\/comments?post=13863"}],"version-history":[{"count":10,"href":"https:\/\/freetibetanheroes.org\/freedom101\/wp-json\/wp\/v2\/pages\/13863\/revisions"}],"predecessor-version":[{"id":14130,"href":"https:\/\/freetibetanheroes.org\/freedom101\/wp-json\/wp\/v2\/pages\/13863\/revisions\/14130"}],"wp:attachment":[{"href":"https:\/\/freetibetanheroes.org\/freedom101\/wp-json\/wp\/v2\/media?parent=13863"}],"curies":[{"name":"wp","href":"https:\/\/api.w.org\/{rel}","templated":true}]}}